{"id":464,"date":"2018-03-30T16:38:36","date_gmt":"2018-03-30T16:38:36","guid":{"rendered":"https:\/\/www.sind-luzyfuerza-cap.org.ar\/slyf\/?page_id=464"},"modified":"2026-03-25T22:19:54","modified_gmt":"2026-03-25T22:19:54","slug":"gremial","status":"publish","type":"page","link":"https:\/\/www.sind-luzyfuerza-cap.org.ar\/slyf\/secretarias\/gremial\/","title":{"rendered":"Gremial"},"content":{"rendered":"<p>[vc_row css_animation=&#8221;&#8221; row_type=&#8221;row&#8221; use_row_as_full_screen_section=&#8221;no&#8221; type=&#8221;full_width&#8221; angled_section=&#8221;no&#8221; text_align=&#8221;left&#8221; background_image_as_pattern=&#8221;without_pattern&#8221;][vc_column][vc_empty_space height=&#8221;60&#8243;][\/vc_column][\/vc_row][vc_row css_animation=&#8221;&#8221; row_type=&#8221;row&#8221; use_row_as_full_screen_section=&#8221;no&#8221; type=&#8221;grid&#8221; angled_section=&#8221;no&#8221; text_align=&#8221;left&#8221; background_image_as_pattern=&#8221;without_pattern&#8221; z_index=&#8221;&#8221;][vc_column width=&#8221;2\/3&#8243;][vc_column_text]<\/p>\n<h6>Secretar\u00eda Gremial<\/h6>\n<p>[\/vc_column_text][vc_empty_space][vc_single_image image=&#8221;3840&#8243; img_size=&#8221;full&#8221; qode_css_animation=&#8221;&#8221;][vc_empty_space][vc_separator type=&#8221;normal&#8221;][vc_empty_space height=&#8221;7px&#8221;][vc_column_text]<\/p>\n<h4>ACTIVIDAD<\/h4>\n<p>[\/vc_column_text][vc_empty_space height=&#8221;7px&#8221;][vc_column_text el_id=&#8221;cur&#8221;]La Secretar\u00eda promueve todos los derechos del trabajador como herramienta fundamental,<br \/>\na trav\u00e9s de las Convenciones Colectivas de Trabajo, en defensa del salario, mejoramiento<br \/>\nde las normas laborales de los trabajadores de las empresas de energ\u00eda el\u00e9ctrica<br \/>\nconjuntamente con el Subsecretario Gremial \u00c1rea Distribuci\u00f3n, empresas de distribuci\u00f3n<br \/>\ny comercializaci\u00f3n de energ\u00eda el\u00e9ctrica, Subsecretario Gremial \u00c1rea de Generaci\u00f3n, empresas<br \/>\nde transmisi\u00f3n y generaci\u00f3n de energ\u00eda el\u00e9ctrica y Subsecretario Gremial y Asuntos T\u00e9cnicos<br \/>\na cargo de las funciones en particular, las relacionadas con las planificaciones<br \/>\nestudios t\u00e9cnicos, econ\u00f3micos y estad\u00edsticos.<\/p>\n<p>En forma conjunta en las tareas de las reivindicaciones alcanzadas y por alcanzar; costo<br \/>\nde vida y salario, como as\u00ed tambi\u00e9n ante el Ministerio de trabajo, dependen de la Secretar\u00cda<br \/>\nLa Comisi\u00f3n de Higiene, Seguridad y Medicina del Trabajo; como as\u00ed tambi\u00e9n la Bolsa de Trabajo.[\/vc_column_text][vc_empty_space height=&#8221;20px&#8221;][vc_column_text]<\/p>\n<h4>FUNCIONES<\/h4>\n<p>[\/vc_column_text][vc_empty_space height=&#8221;7px&#8221;][vc_column_text]<span class=\"texto-cuerpo\">Coordinaci\u00f3n, colaboraci\u00f3n y asesoramiento, con los integrantes de la Secretaria, colaborar<br \/>\nen tareas legales, contestaci\u00f3n mediante oficios.<\/span><\/p>\n<p>Actualizaci\u00f3n y verificaci\u00f3n con todo lo relacionado con las estad\u00edsticas y\/o<br \/>\nliquidaci\u00f3n de sueldos.[\/vc_column_text][vc_empty_space height=&#8221;20px&#8221;][vc_column_text]<\/p>\n<h4>HIGIENE Y SEGURIDAD<\/h4>\n<p>[\/vc_column_text][vc_empty_space height=&#8221;7px&#8221;][vc_single_image image=&#8221;3752&#8243; img_size=&#8221;full&#8221; qode_css_animation=&#8221;&#8221;][vc_empty_space height=&#8221;20px&#8221;][vc_empty_space height=&#8221;7px&#8221;][vc_empty_space height=&#8221;7px&#8221;][\/vc_column][vc_column width=&#8221;1\/3&#8243;][vc_gallery interval=&#8221;3&#8243; images=&#8221;3190,3191,3192,3193&#8243; img_size=&#8221;full&#8221;][vc_column_text css=&#8221;.vc_custom_1573567087345{background-color: #ffffff !important;}&#8221;]<\/p>\n<p style=\"text-align: center;\"><strong>Subsecretario Suplente: Jos\u00e9 Sebasti\u00e1n Pittella<br \/>\n<\/strong><\/p>\n<p>[\/vc_column_text][vc_empty_space][vc_column_text css=&#8221;.vc_custom_1774476961248{background-color: #ffffff !important;}&#8221;]<\/p>\n<p style=\"text-align: center;\"><strong>Comisi\u00f3n de higiene y seguridad:<br \/>\nGonzalo Fernandez,<br \/>\nFederico Crudo,<br \/>\nEduardo Bogue<\/strong><\/p>\n<p>[\/vc_column_text][vc_empty_space][vc_column_text css=&#8221;.vc_custom_1774477111623{background-color: #ffffff !important;}&#8221;]<\/p>\n<p style=\"text-align: center;\"><strong>Comisi\u00f3n interpretaci\u00f3n de Convenio:<\/strong><br \/>\n<strong>Alberto Rodriguez,<\/strong><br \/>\n<strong>Ismael Gattero,<\/strong><br \/>\n<strong>Juan Gonz\u00e1lez,<\/strong><br \/>\n<strong>Ricardo Damiani<\/strong><\/p>\n<p>[\/vc_column_text][\/vc_column][\/vc_row][vc_row css_animation=&#8221;&#8221; row_type=&#8221;row&#8221; use_row_as_full_screen_section=&#8221;no&#8221; type=&#8221;grid&#8221; angled_section=&#8221;no&#8221; text_align=&#8221;left&#8221; background_image_as_pattern=&#8221;without_pattern&#8221; background_color=&#8221;#e8e8e8&#8243; border_color=&#8221;#1e73be&#8221; z_index=&#8221;&#8221;][vc_column][vc_empty_space height=&#8221;60&#8243;][vc_column_text]<\/p>\n<h2>Noticias Generales<\/h2>\n<p>[\/vc_column_text][vc_empty_space height=&#8221;21px&#8221;]<div class='blog_slider_holder clearfix '><div class='blog_slider blog_slider_carousel' data-blogs_shown='3' data-auto_start='true'><ul class='blog_slides'><li class='item'><div class=\"item_holder\"><div class=\"blog_text_holder info_bottom\" style=\"background-color:rgba(30,115,190,0.83);\"><div class=\"blog_text_holder_outer\"><div class=\"blog_text_date_holder\"><div itemprop=\"dateCreated\" class=\"blog_slider_date_holder entry_date updated\"><span class=\"blog_slider_day\" style= \"color: rgba(0,0,0,0.01);\" >09<\/span><span class=\"blog_slider_month\" style= \"color: rgba(0,0,0,0.01);\">Mar<\/span><meta itemprop=\"interactionCount\" content=\"UserComments:0\"\/><\/div><\/div><div class=\"blog_text_holder_inner\"><h3 itemprop=\"name\" class=\"blog_slider_title entry_title\" ><a itemprop=\"url\" href=\"https:\/\/www.sind-luzyfuerza-cap.org.ar\/slyf\/titulo-de-la-noticia-vivienda-01-2\/\" >CGT &#8211; Pedido de Ratificaci\u00f3n  Convenio n\u00b0 190 de la OIT<\/a><\/h3><\/div><\/div><\/div><div class=\"blog_image_holder\"><span class=\"image\"><img width=\"1000\" height=\"540\" src=\"https:\/\/www.sind-luzyfuerza-cap.org.ar\/slyf\/wp-content\/uploads\/2020\/03\/destacada-4demarzo.jpg\" class=\"attachment-full size-full wp-post-image\" alt=\"\" loading=\"lazy\" srcset=\"https:\/\/www.sind-luzyfuerza-cap.org.ar\/slyf\/wp-content\/uploads\/2020\/03\/destacada-4demarzo.jpg 1000w, https:\/\/www.sind-luzyfuerza-cap.org.ar\/slyf\/wp-content\/uploads\/2020\/03\/destacada-4demarzo-300x162.jpg 300w, https:\/\/www.sind-luzyfuerza-cap.org.ar\/slyf\/wp-content\/uploads\/2020\/03\/destacada-4demarzo-768x415.jpg 768w, https:\/\/www.sind-luzyfuerza-cap.org.ar\/slyf\/wp-content\/uploads\/2020\/03\/destacada-4demarzo-700x378.jpg 700w\" sizes=\"(max-width: 1000px) 100vw, 1000px\" \/><\/span><\/div><\/div><\/li><li class='item'><div class=\"item_holder\"><div class=\"blog_text_holder info_bottom\" style=\"background-color:rgba(30,115,190,0.83);\"><div class=\"blog_text_holder_outer\"><div class=\"blog_text_date_holder\"><div itemprop=\"dateCreated\" class=\"blog_slider_date_holder entry_date updated\"><span class=\"blog_slider_day\" style= \"color: rgba(0,0,0,0.01);\" >15<\/span><span class=\"blog_slider_month\" style= \"color: rgba(0,0,0,0.01);\">Oct<\/span><meta itemprop=\"interactionCount\" content=\"UserComments:0\"\/><\/div><\/div><div class=\"blog_text_holder_inner\"><h3 itemprop=\"name\" class=\"blog_slider_title entry_title\" ><a itemprop=\"url\" href=\"https:\/\/www.sind-luzyfuerza-cap.org.ar\/slyf\/titulo-de-la-noticia-vivienda-01\/\" >Educaci\u00f3n &#8211; Beneficios<\/a><\/h3><\/div><\/div><\/div><div class=\"blog_image_holder\"><span class=\"image\"><img width=\"1000\" height=\"540\" src=\"https:\/\/www.sind-luzyfuerza-cap.org.ar\/slyf\/wp-content\/uploads\/2018\/03\/uai-febrero2019miniatura.jpg\" class=\"attachment-full size-full wp-post-image\" alt=\"\" loading=\"lazy\" srcset=\"https:\/\/www.sind-luzyfuerza-cap.org.ar\/slyf\/wp-content\/uploads\/2018\/03\/uai-febrero2019miniatura.jpg 1000w, https:\/\/www.sind-luzyfuerza-cap.org.ar\/slyf\/wp-content\/uploads\/2018\/03\/uai-febrero2019miniatura-300x162.jpg 300w, https:\/\/www.sind-luzyfuerza-cap.org.ar\/slyf\/wp-content\/uploads\/2018\/03\/uai-febrero2019miniatura-768x415.jpg 768w, https:\/\/www.sind-luzyfuerza-cap.org.ar\/slyf\/wp-content\/uploads\/2018\/03\/uai-febrero2019miniatura-700x378.jpg 700w\" sizes=\"(max-width: 1000px) 100vw, 1000px\" \/><\/span><\/div><\/div><\/li><li class='item'><div class=\"item_holder\"><div class=\"blog_text_holder info_bottom\" style=\"background-color:rgba(30,115,190,0.83);\"><div class=\"blog_text_holder_outer\"><div class=\"blog_text_date_holder\"><div itemprop=\"dateCreated\" class=\"blog_slider_date_holder entry_date updated\"><span class=\"blog_slider_day\" style= \"color: rgba(0,0,0,0.01);\" >15<\/span><span class=\"blog_slider_month\" style= \"color: rgba(0,0,0,0.01);\">Ene<\/span><meta itemprop=\"interactionCount\" content=\"UserComments:0\"\/><\/div><\/div><div class=\"blog_text_holder_inner\"><h3 itemprop=\"name\" class=\"blog_slider_title entry_title\" ><a itemprop=\"url\" href=\"https:\/\/www.sind-luzyfuerza-cap.org.ar\/slyf\/titulo-de-la-noticia-2\/\" >Cursos 2022<\/a><\/h3><\/div><\/div><\/div><div class=\"blog_image_holder\"><span class=\"image\"><img width=\"900\" height=\"540\" src=\"https:\/\/www.sind-luzyfuerza-cap.org.ar\/slyf\/wp-content\/uploads\/2018\/01\/CENTRO408-para-carrousell-noticias.jpg\" class=\"attachment-full size-full wp-post-image\" alt=\"\" loading=\"lazy\" srcset=\"https:\/\/www.sind-luzyfuerza-cap.org.ar\/slyf\/wp-content\/uploads\/2018\/01\/CENTRO408-para-carrousell-noticias.jpg 900w, https:\/\/www.sind-luzyfuerza-cap.org.ar\/slyf\/wp-content\/uploads\/2018\/01\/CENTRO408-para-carrousell-noticias-300x180.jpg 300w, https:\/\/www.sind-luzyfuerza-cap.org.ar\/slyf\/wp-content\/uploads\/2018\/01\/CENTRO408-para-carrousell-noticias-768x461.jpg 768w, https:\/\/www.sind-luzyfuerza-cap.org.ar\/slyf\/wp-content\/uploads\/2018\/01\/CENTRO408-para-carrousell-noticias-700x420.jpg 700w\" sizes=\"(max-width: 900px) 100vw, 900px\" \/><\/span><\/div><\/div><\/li><\/ul><ul class=\"caroufredsel-direction-nav\"><li><a id=\"caroufredsel-prev\" class=\"caroufredsel-prev\" href=\"#\"><div><i class=\"fa fa-angle-left\"><\/i><\/div><\/a><\/li><li><a class=\"caroufredsel-next\" id=\"caroufredsel-next\" href=\"#\"><div><i class=\"fa fa-angle-right\"><\/i><\/div><\/a><\/li><\/ul><\/div><\/div>[vc_empty_space height=&#8221;60&#8243;][\/vc_column][\/vc_row]<\/p>\n","protected":false},"excerpt":{"rendered":"<p>[vc_row css_animation=&#8221;&#8221; row_type=&#8221;row&#8221; use_row_as_full_screen_section=&#8221;no&#8221; type=&#8221;full_width&#8221; angled_section=&#8221;no&#8221; text_align=&#8221;left&#8221; background_image_as_pattern=&#8221;without_pattern&#8221;][vc_column][vc_empty_space height=&#8221;60&#8243;][\/vc_column][\/vc_row][vc_row css_animation=&#8221;&#8221; row_type=&#8221;row&#8221; use_row_as_full_screen_section=&#8221;no&#8221; type=&#8221;grid&#8221; angled_section=&#8221;no&#8221; text_align=&#8221;left&#8221; background_image_as_pattern=&#8221;without_pattern&#8221; z_index=&#8221;&#8221;][vc_column width=&#8221;2\/3&#8243;][vc_column_text] Secretar\u00eda Gremial [\/vc_column_text][vc_empty_space][vc_single_image image=&#8221;3840&#8243; img_size=&#8221;full&#8221; qode_css_animation=&#8221;&#8221;][vc_empty_space][vc_separator type=&#8221;normal&#8221;][vc_empty_space height=&#8221;7px&#8221;][vc_column_text] ACTIVIDAD [\/vc_column_text][vc_empty_space height=&#8221;7px&#8221;][vc_column_text el_id=&#8221;cur&#8221;]La Secretar\u00eda promueve todos los derechos del trabajador como herramienta fundamental, a trav\u00e9s de las Convenciones&#8230;<\/p>\n","protected":false},"author":2,"featured_media":0,"parent":405,"menu_order":0,"comment_status":"closed","ping_status":"closed","template":"full_width.php","meta":[],"_links":{"self":[{"href":"https:\/\/www.sind-luzyfuerza-cap.org.ar\/slyf\/wp-json\/wp\/v2\/pages\/464"}],"collection":[{"href":"https:\/\/www.sind-luzyfuerza-cap.org.ar\/slyf\/wp-json\/wp\/v2\/pages"}],"about":[{"href":"https:\/\/www.sind-luzyfuerza-cap.org.ar\/slyf\/wp-json\/wp\/v2\/types\/page"}],"author":[{"embeddable":true,"href":"https:\/\/www.sind-luzyfuerza-cap.org.ar\/slyf\/wp-json\/wp\/v2\/users\/2"}],"replies":[{"embeddable":true,"href":"https:\/\/www.sind-luzyfuerza-cap.org.ar\/slyf\/wp-json\/wp\/v2\/comments?post=464"}],"version-history":[{"count":22,"href":"https:\/\/www.sind-luzyfuerza-cap.org.ar\/slyf\/wp-json\/wp\/v2\/pages\/464\/revisions"}],"predecessor-version":[{"id":7036,"href":"https:\/\/www.sind-luzyfuerza-cap.org.ar\/slyf\/wp-json\/wp\/v2\/pages\/464\/revisions\/7036"}],"up":[{"embeddable":true,"href":"https:\/\/www.sind-luzyfuerza-cap.org.ar\/slyf\/wp-json\/wp\/v2\/pages\/405"}],"wp:attachment":[{"href":"https:\/\/www.sind-luzyfuerza-cap.org.ar\/slyf\/wp-json\/wp\/v2\/media?parent=464"}],"curies":[{"name":"wp","href":"https:\/\/api.w.org\/{rel}","templated":true}]}}

<p>[vc_row css_animation=&#8221;&#8221; row_type=&#8221;row&#8221; use_row_as_full_screen_section=&#8221;no&#8221; type=&#8221;full_width&#8221; angled_section=&#8221;no&#8221; text_align=&#8221;left&#8221; background_image_as_pattern=&#8221;without_pattern&#8221;][vc_column][vc_empty_space height=&#8221;60&#8243;][/vc_column][/vc_row][vc_row css_animation=&#8221;&#8221; row_type=&#8221;row&#8221; use_row_as_full_screen_section=&#8221;no&#8221; type=&#8221;grid&#8221; angled_section=&#8221;no&#8221; text_align=&#8221;left&#8221; background_image_as_pattern=&#8221;without_pattern&#8221; z_index=&#8221;&#8221;][vc_column width=&#8221;2/3&#8243;][vc_column_text]</p>
<h6>Secretaría Gremial</h6>
<p>[/vc_column_text][vc_empty_space][vc_single_image image=&#8221;3840&#8243; img_size=&#8221;full&#8221; qode_css_animation=&#8221;&#8221;][vc_empty_space][vc_separator type=&#8221;normal&#8221;][vc_empty_space height=&#8221;7px&#8221;][vc_column_text]</p>
<h4>ACTIVIDAD</h4>
<p>[/vc_column_text][vc_empty_space height=&#8221;7px&#8221;][vc_column_text el_id=&#8221;cur&#8221;]La Secretaría promueve todos los derechos del trabajador como herramienta fundamental,<br />
a través de las Convenciones Colectivas de Trabajo, en defensa del salario, mejoramiento<br />
de las normas laborales de los trabajadores de las empresas de energía eléctrica<br />
conjuntamente con el Subsecretario Gremial Área Distribución, empresas de distribución<br />
y comercialización de energía eléctrica, Subsecretario Gremial Área de Generación, empresas<br />
de transmisión y generación de energía eléctrica y Subsecretario Gremial y Asuntos Técnicos<br />
a cargo de las funciones en particular, las relacionadas con las planificaciones<br />
estudios técnicos, económicos y estadísticos.</p>
<p>En forma conjunta en las tareas de las reivindicaciones alcanzadas y por alcanzar; costo<br />
de vida y salario, como así también ante el Ministerio de trabajo, dependen de la SecretarÍa<br />
La Comisión de Higiene, Seguridad y Medicina del Trabajo; como así también la Bolsa de Trabajo.[/vc_column_text][vc_empty_space height=&#8221;20px&#8221;][vc_column_text]</p>
<h4>FUNCIONES</h4>
<p>[/vc_column_text][vc_empty_space height=&#8221;7px&#8221;][vc_column_text]<span class="texto-cuerpo">Coordinación, colaboración y asesoramiento, con los integrantes de la Secretaria, colaborar<br />
en tareas legales, contestación mediante oficios.</span></p>
<p>Actualización y verificación con todo lo relacionado con las estadísticas y/o<br />
liquidación de sueldos.[/vc_column_text][vc_empty_space height=&#8221;20px&#8221;][vc_column_text]</p>
<h4>HIGIENE Y SEGURIDAD</h4>
<p>[/vc_column_text][vc_empty_space height=&#8221;7px&#8221;][vc_single_image image=&#8221;3752&#8243; img_size=&#8221;full&#8221; qode_css_animation=&#8221;&#8221;][vc_empty_space height=&#8221;20px&#8221;][vc_empty_space height=&#8221;7px&#8221;][vc_empty_space height=&#8221;7px&#8221;][/vc_column][vc_column width=&#8221;1/3&#8243;][vc_gallery interval=&#8221;3&#8243; images=&#8221;3190,3191,3192,3193&#8243; img_size=&#8221;full&#8221;][vc_column_text css=&#8221;.vc_custom_1573567087345{background-color: #ffffff !important;}&#8221;]</p>
<p style="text-align: center;"><strong>Subsecretario Suplente: José Sebastián Pittella<br />
</strong></p>
<p>[/vc_column_text][vc_empty_space][vc_column_text css=&#8221;.vc_custom_1774476961248{background-color: #ffffff !important;}&#8221;]</p>
<p style="text-align: center;"><strong>Comisión de higiene y seguridad:<br />
Gonzalo Fernandez,<br />
Federico Crudo,<br />
Eduardo Bogue</strong></p>
<p>[/vc_column_text][vc_empty_space][vc_column_text css=&#8221;.vc_custom_1774477111623{background-color: #ffffff !important;}&#8221;]</p>
<p style="text-align: center;"><strong>Comisión interpretación de Convenio:</strong><br />
<strong>Alberto Rodriguez,</strong><br />
<strong>Ismael Gattero,</strong><br />
<strong>Juan González,</strong><br />
<strong>Ricardo Damiani</strong></p>
<p>[/vc_column_text][/vc_column][/vc_row][vc_row css_animation=&#8221;&#8221; row_type=&#8221;row&#8221; use_row_as_full_screen_section=&#8221;no&#8221; type=&#8221;grid&#8221; angled_section=&#8221;no&#8221; text_align=&#8221;left&#8221; background_image_as_pattern=&#8221;without_pattern&#8221; background_color=&#8221;#e8e8e8&#8243; border_color=&#8221;#1e73be&#8221; z_index=&#8221;&#8221;][vc_column][vc_empty_space height=&#8221;60&#8243;][vc_column_text]</p>
<h2>Noticias Generales</h2>
<p>[/vc_column_text][vc_empty_space height=&#8221;21px&#8221;]<div class='blog_slider_holder clearfix '><div class='blog_slider blog_slider_carousel' data-blogs_shown='3' data-auto_start='true'><ul class='blog_slides'><li class='item'><div class="item_holder"><div class="blog_text_holder info_bottom" style="background-color:rgba(30,115,190,0.83);"><div class="blog_text_holder_outer"><div class="blog_text_date_holder"><div itemprop="dateCreated" class="blog_slider_date_holder entry_date updated"><span class="blog_slider_day" style= "color: rgba(0,0,0,0.01);" >09</span><span class="blog_slider_month" style= "color: rgba(0,0,0,0.01);">Mar</span><meta itemprop="interactionCount" content="UserComments:0"/></div></div><div class="blog_text_holder_inner"><h3 itemprop="name" class="blog_slider_title entry_title" ><a itemprop="url" href="https://www.sind-luzyfuerza-cap.org.ar/slyf/titulo-de-la-noticia-vivienda-01-2/" >CGT &#8211; Pedido de Ratificación  Convenio n° 190 de la OIT</a></h3></div></div></div><div class="blog_image_holder"><span class="image"><img width="1000" height="540" src="https://www.sind-luzyfuerza-cap.org.ar/slyf/wp-content/uploads/2020/03/destacada-4demarzo.jpg" class="attachment-full size-full wp-post-image" alt="" loading="lazy" srcset="https://www.sind-luzyfuerza-cap.org.ar/slyf/wp-content/uploads/2020/03/destacada-4demarzo.jpg 1000w, https://www.sind-luzyfuerza-cap.org.ar/slyf/wp-content/uploads/2020/03/destacada-4demarzo-300x162.jpg 300w, https://www.sind-luzyfuerza-cap.org.ar/slyf/wp-content/uploads/2020/03/destacada-4demarzo-768x415.jpg 768w, https://www.sind-luzyfuerza-cap.org.ar/slyf/wp-content/uploads/2020/03/destacada-4demarzo-700x378.jpg 700w" sizes="(max-width: 1000px) 100vw, 1000px" /></span></div></div></li><li class='item'><div class="item_holder"><div class="blog_text_holder info_bottom" style="background-color:rgba(30,115,190,0.83);"><div class="blog_text_holder_outer"><div class="blog_text_date_holder"><div itemprop="dateCreated" class="blog_slider_date_holder entry_date updated"><span class="blog_slider_day" style= "color: rgba(0,0,0,0.01);" >15</span><span class="blog_slider_month" style= "color: rgba(0,0,0,0.01);">Oct</span><meta itemprop="interactionCount" content="UserComments:0"/></div></div><div class="blog_text_holder_inner"><h3 itemprop="name" class="blog_slider_title entry_title" ><a itemprop="url" href="https://www.sind-luzyfuerza-cap.org.ar/slyf/titulo-de-la-noticia-vivienda-01/" >Educación &#8211; Beneficios</a></h3></div></div></div><div class="blog_image_holder"><span class="image"><img width="1000" height="540" src="https://www.sind-luzyfuerza-cap.org.ar/slyf/wp-content/uploads/2018/03/uai-febrero2019miniatura.jpg" class="attachment-full size-full wp-post-image" alt="" loading="lazy" srcset="https://www.sind-luzyfuerza-cap.org.ar/slyf/wp-content/uploads/2018/03/uai-febrero2019miniatura.jpg 1000w, https://www.sind-luzyfuerza-cap.org.ar/slyf/wp-content/uploads/2018/03/uai-febrero2019miniatura-300x162.jpg 300w, https://www.sind-luzyfuerza-cap.org.ar/slyf/wp-content/uploads/2018/03/uai-febrero2019miniatura-768x415.jpg 768w, https://www.sind-luzyfuerza-cap.org.ar/slyf/wp-content/uploads/2018/03/uai-febrero2019miniatura-700x378.jpg 700w" sizes="(max-width: 1000px) 100vw, 1000px" /></span></div></div></li><li class='item'><div class="item_holder"><div class="blog_text_holder info_bottom" style="background-color:rgba(30,115,190,0.83);"><div class="blog_text_holder_outer"><div class="blog_text_date_holder"><div itemprop="dateCreated" class="blog_slider_date_holder entry_date updated"><span class="blog_slider_day" style= "color: rgba(0,0,0,0.01);" >15</span><span class="blog_slider_month" style= "color: rgba(0,0,0,0.01);">Ene</span><meta itemprop="interactionCount" content="UserComments:0"/></div></div><div class="blog_text_holder_inner"><h3 itemprop="name" class="blog_slider_title entry_title" ><a itemprop="url" href="https://www.sind-luzyfuerza-cap.org.ar/slyf/titulo-de-la-noticia-2/" >Cursos 2022</a></h3></div></div></div><div class="blog_image_holder"><span class="image"><img width="900" height="540" src="https://www.sind-luzyfuerza-cap.org.ar/slyf/wp-content/uploads/2018/01/CENTRO408-para-carrousell-noticias.jpg" class="attachment-full size-full wp-post-image" alt="" loading="lazy" srcset="https://www.sind-luzyfuerza-cap.org.ar/slyf/wp-content/uploads/2018/01/CENTRO408-para-carrousell-noticias.jpg 900w, https://www.sind-luzyfuerza-cap.org.ar/slyf/wp-content/uploads/2018/01/CENTRO408-para-carrousell-noticias-300x180.jpg 300w, https://www.sind-luzyfuerza-cap.org.ar/slyf/wp-content/uploads/2018/01/CENTRO408-para-carrousell-noticias-768x461.jpg 768w, https://www.sind-luzyfuerza-cap.org.ar/slyf/wp-content/uploads/2018/01/CENTRO408-para-carrousell-noticias-700x420.jpg 700w" sizes="(max-width: 900px) 100vw, 900px" /></span></div></div></li></ul><ul class="caroufredsel-direction-nav"><li><a id="caroufredsel-prev" class="caroufredsel-prev" href="#"><div><i class="fa fa-angle-left"></i></div></a></li><li><a class="caroufredsel-next" id="caroufredsel-next" href="#"><div><i class="fa fa-angle-right"></i></div></a></li></ul></div></div>[vc_empty_space height=&#8221;60&#8243;][/vc_column][/vc_row]</p>

<p>[vc_row css_animation=&#8221;&#8221; row_type=&#8221;row&#8221; use_row_as_full_screen_section=&#8221;no&#8221; type=&#8221;full_width&#8221; angled_section=&#8221;no&#8221; text_align=&#8221;left&#8221; background_image_as_pattern=&#8221;without_pattern&#8221;][vc_column][vc_empty_space height=&#8221;60&#8243;][/vc_column][/vc_row][vc_row css_animation=&#8221;&#8221; row_type=&#8221;row&#8221; use_row_as_full_screen_section=&#8221;no&#8221; type=&#8221;grid&#8221; angled_section=&#8221;no&#8221; text_align=&#8221;left&#8221; background_image_as_pattern=&#8221;without_pattern&#8221; z_index=&#8221;&#8221;][vc_column width=&#8221;2/3&#8243;][vc_column_text] Secretaría Gremial [/vc_column_text][vc_empty_space][vc_single_image image=&#8221;3840&#8243; img_size=&#8221;full&#8221; qode_css_animation=&#8221;&#8221;][vc_empty_space][vc_separator type=&#8221;normal&#8221;][vc_empty_space height=&#8221;7px&#8221;][vc_column_text] ACTIVIDAD [/vc_column_text][vc_empty_space height=&#8221;7px&#8221;][vc_column_text el_id=&#8221;cur&#8221;]La Secretaría promueve todos los derechos del trabajador como herramienta fundamental, a través de las Convenciones&#8230;</p>
