{"id":472,"date":"2018-03-30T17:05:31","date_gmt":"2018-03-30T17:05:31","guid":{"rendered":"https:\/\/www.sind-luzyfuerza-cap.org.ar\/slyf\/?page_id=472"},"modified":"2026-04-01T12:52:32","modified_gmt":"2026-04-01T12:52:32","slug":"prensa","status":"publish","type":"page","link":"https:\/\/www.sind-luzyfuerza-cap.org.ar\/slyf\/secretarias\/prensa\/","title":{"rendered":"Prensa"},"content":{"rendered":"<p>[vc_row css_animation=&#8221;&#8221; row_type=&#8221;row&#8221; use_row_as_full_screen_section=&#8221;no&#8221; type=&#8221;full_width&#8221; angled_section=&#8221;no&#8221; text_align=&#8221;left&#8221; background_image_as_pattern=&#8221;without_pattern&#8221;][vc_column][vc_empty_space height=&#8221;60&#8243;][\/vc_column][\/vc_row][vc_row css_animation=&#8221;&#8221; row_type=&#8221;row&#8221; use_row_as_full_screen_section=&#8221;no&#8221; type=&#8221;grid&#8221; angled_section=&#8221;no&#8221; text_align=&#8221;left&#8221; background_image_as_pattern=&#8221;without_pattern&#8221; z_index=&#8221;&#8221;][vc_column width=&#8221;2\/3&#8243;][vc_column_text]<\/p>\n<h6>Secretar\u00eda de Prensa.<\/h6>\n<p>[\/vc_column_text][vc_tabs style=&#8221;horizontal_left&#8221;][vc_tab title=&#8221;Revista Dinamis&#8221; tab_id=&#8221;9949c9e5-dfd5-7&#8243;][vc_row_inner row_type=&#8221;row&#8221; type=&#8221;full_width&#8221; text_align=&#8221;left&#8221; css_animation=&#8221;&#8221;][vc_column_inner width=&#8221;2\/3&#8243;][vc_empty_space height=&#8221;20px&#8221;][vc_column_text]<strong><span style=\"color: #000000;\">Revista Dinamis n\u00b0 83 &#8211; Abril 2026<\/span><\/strong>[\/vc_column_text][vc_raw_html]JTNDaWZyYW1lJTIwc3R5bGUlM0QlMjJ3aWR0aCUzQTcwMHB4JTNCaGVpZ2h0JTNBNDAwcHglMjIlMjBzcmMlM0QlMjJodHRwcyUzQSUyRiUyRm9ubGluZS5mbGlwaHRtbDUuY29tJTJGaWpyb2klMkZienZvJTJGJTIyJTIwJTIwc2VhbWxlc3MlM0QlMjJzZWFtbGVzcyUyMiUyMHNjcm9sbGluZyUzRCUyMm5vJTIyJTIwZnJhbWVib3JkZXIlM0QlMjIwJTIyJTIwYWxsb3d0cmFuc3BhcmVuY3klM0QlMjJ0cnVlJTIyJTIwYWxsb3dmdWxsc2NyZWVuJTNEJTIydHJ1ZSUyMiUyMCUzRSUzQyUyRmlmcmFtZSUzRQ==[\/vc_raw_html][vc_separator type=&#8221;normal&#8221;][vc_column_text]Para ver desde <strong>celulares<\/strong> haga clic en la imagen:[\/vc_column_text]<div class='image_hover ' style='' data-transition-delay=''><div class='images_holder'><a itemprop='url' href='https:\/\/online.fliphtml5.com\/ijroi\/bzvo\/' target='_blank'><img itemprop='image' class='active_image ' src='https:\/\/www.sind-luzyfuerza-cap.org.ar\/slyf\/wp-content\/uploads\/2026\/03\/tapa-dinamis-83-min2.png' alt='' style='' \/><img itemprop='image' class='hover_image' src='https:\/\/www.sind-luzyfuerza-cap.org.ar\/slyf\/wp-content\/uploads\/2026\/03\/tapa-dinamis-83-min.png' alt='' style='' \/><\/a><\/div><\/div>[vc_empty_space height=&#8221;20px&#8221;][vc_separator type=&#8221;normal&#8221;][vc_empty_space height=&#8221;20px&#8221;][vc_column_text]<strong><span style=\"color: #000000;\">Revista Dinamis Edici\u00f3n Especial 80 a\u00f1os<\/span><\/strong>[\/vc_column_text][vc_raw_html]JTNDaWZyYW1lJTIwc3R5bGUlM0QlMjJ3aWR0aCUzQTcwMHB4JTNCaGVpZ2h0JTNBNDAwcHglMjIlMjBzcmMlM0QlMjJodHRwcyUzQSUyRiUyRm9ubGluZS5mbGlwaHRtbDUuY29tJTJGaWpyb2klMkZocnltJTJGJTIyJTIwJTIwc2VhbWxlc3MlM0QlMjJzZWFtbGVzcyUyMiUyMHNjcm9sbGluZyUzRCUyMm5vJTIyJTIwZnJhbWVib3JkZXIlM0QlMjIwJTIyJTIwYWxsb3d0cmFuc3BhcmVuY3klM0QlMjJ0cnVlJTIyJTIwYWxsb3dmdWxsc2NyZWVuJTNEJTIydHJ1ZSUyMiUyMCUzRSUzQyUyRmlmcmFtZSUzRQ==[\/vc_raw_html][vc_separator type=&#8221;normal&#8221;][vc_empty_space height=&#8221;20px&#8221;][vc_column_text]Para ver desde <strong>celulares<\/strong> haga clic en la imagen:[\/vc_column_text]<div class='image_hover ' style='' data-transition-delay=''><div class='images_holder'><a itemprop='url' href='https:\/\/online.fliphtml5.com\/ijroi\/hrym\/' target='_blank'><img itemprop='image' class='active_image ' src='https:\/\/www.sind-luzyfuerza-cap.org.ar\/slyf\/wp-content\/uploads\/2023\/10\/tapa-dinamis-min-73-2.jpg' alt='' style='' \/><img itemprop='image' class='hover_image' src='https:\/\/www.sind-luzyfuerza-cap.org.ar\/slyf\/wp-content\/uploads\/2023\/10\/tapa-dinamis-min-73.jpg' alt='' style='' \/><\/a><\/div><\/div>[\/vc_column_inner][vc_column_inner width=&#8221;1\/3&#8243;][\/vc_column_inner][\/vc_row_inner][vc_empty_space height=&#8221;20px&#8221;][vc_separator type=&#8221;normal&#8221; color=&#8221;#aaaaaa&#8221;][vc_column_text]<\/p>\n<h4>N\u00fameros anteriores<\/h4>\n<p>[\/vc_column_text][vc_empty_space height=&#8221;20px&#8221;][\/vc_tab][vc_tab title=&#8221;Funciones Generales&#8221; tab_id=&#8221;7108b823-b5ef-8&#8243;][vc_column_text]<\/p>\n<p class=\"texto-cuerpo\">La Secretar\u00eda de Prensa y Relaciones P\u00fablicas, es la encargada de mantener la relaciones institucionales entre nuestro gremio y los distintos organismos:<\/p>\n<p>&#8211; Organizaci\u00f3n Internacional del Trabajo (OIT).<br \/>\n&#8211; NuevaInternacional del Trabajo (UNI)<br \/>\n&#8211; Defensor\u00eda del Pueblo de la Ciudad de Buenos Aires<br \/>\n&#8211; Directores de Panorama Americano<br \/>\n&#8211; Directores de Proyecto Energ\u00e9tico<br \/>\n&#8211; Directores de Proyecto Argentino<br \/>\n&#8211; Todas las editoriales relacionadas al campo energ\u00e9tico.<br \/>\n&#8211; Todas las editoriales relacionadas a la actividad gremial.<br \/>\n&#8211; Poder Ejecutivo Nacional<br \/>\n&#8211; C\u00e1mara de Senadores y Diputados<br \/>\n&#8211; Gobernaci\u00f3n de la Provincia de Buenos Aires<br \/>\n&#8211; Gobierno de la Ciudad Aut\u00f3noma de Buenos Aires y sus legisladores.<br \/>\n&#8211; Intendencias de la Provincia. de Buenos Aires.<br \/>\n&#8211; Autoridades de las Empresas de Energ\u00eda El\u00e9ctrica<br \/>\n&#8211; Autoridades Eclesi\u00e1sticasEmbajadas<br \/>\n&#8211; Autoridades Polic\u00eda Federal Argentina<br \/>\n&#8211; Autoridades Polic\u00eda Bonaerense<\/p>\n<p class=\"texto-cuerpo\">Esta Secretar\u00eda tambi\u00e9n realiza las salutaciones a los afiliados en el d\u00eda de su cumplea\u00f1os.<\/p>\n<p><span class=\"texto-cuerpo\">Tiene a cargo adem\u00e1s la edici\u00f3n de la\u00a0<\/span><a href=\"http:\/\/www.sind-luzyfuerza-cap.org.ar\/revistadinamis.html\">Revista Dinamis<\/a>\u00a0<span class=\"texto-cuerpo\">y la\u00a0<\/span>Cooperativa EDITLyF[\/vc_column_text][\/vc_tab][vc_tab title=&#8221;Cooperativa EDITLyF&#8221; tab_id=&#8221;1530275200772-2-7&#8243;][vc_column_text]<\/p>\n<p class=\"texto-cuerpo\">La Cooperativa se encarga de :<\/p>\n<ul>\n<li class=\"texto-cuerpo\">Dise\u00f1o y diagramaci\u00f3n de murales informativos a nuestros trabajadores<\/li>\n<li class=\"texto-cuerpo\">Laboratorio fotogr\u00e1fico encargado de documentar todas las actividades del Gremio<\/li>\n<li class=\"texto-cuerpo\">Archivo fotogr\u00e1fico<\/li>\n<\/ul>\n<p>[\/vc_column_text][\/vc_tab][\/vc_tabs][vc_row_inner row_type=&#8221;row&#8221; type=&#8221;full_width&#8221; text_align=&#8221;left&#8221; css_animation=&#8221;&#8221;][vc_column_inner width=&#8221;1\/3&#8243;]<div class='image_hover ' style='' data-transition-delay=''><div class='images_holder'><a itemprop='url' href='https:\/\/online.fliphtml5.com\/ijroi\/adgs\/' target='_self'><img itemprop='image' class='active_image ' src='https:\/\/www.sind-luzyfuerza-cap.org.ar\/slyf\/wp-content\/uploads\/2025\/12\/tapa-dinamis-82-min2.jpg' alt='' style='' \/><img itemprop='image' class='hover_image' src='https:\/\/www.sind-luzyfuerza-cap.org.ar\/slyf\/wp-content\/uploads\/2025\/12\/tapa-dinamis-82-min.jpg' alt='' style='' \/><\/a><\/div><\/div>[vc_empty_space height=&#8221;20px&#8221;]<div class='image_hover ' style='' data-transition-delay=''><div class='images_holder'><a itemprop='url' href='https:\/\/online.fliphtml5.com\/ijroi\/bwpn\/' target='_self'><img itemprop='image' class='active_image ' src='https:\/\/www.sind-luzyfuerza-cap.org.ar\/slyf\/wp-content\/uploads\/2025\/09\/tapa-dinamis-81-min.jpg' alt='' style='' \/><img itemprop='image' class='hover_image' src='https:\/\/www.sind-luzyfuerza-cap.org.ar\/slyf\/wp-content\/uploads\/2025\/09\/tapa-dinamis-81-min2.jpg' alt='' style='' \/><\/a><\/div><\/div>[vc_empty_space height=&#8221;20px&#8221;]<div class='image_hover ' style='' data-transition-delay=''><div class='images_holder'><a itemprop='url' href='https:\/\/online.fliphtml5.com\/ijroi\/zptf\/#p=1' target='_self'><img itemprop='image' class='active_image ' src='https:\/\/www.sind-luzyfuerza-cap.org.ar\/slyf\/wp-content\/uploads\/2025\/07\/tapa-dinamis-80-min2.jpg' alt='' style='' \/><img itemprop='image' class='hover_image' src='https:\/\/www.sind-luzyfuerza-cap.org.ar\/slyf\/wp-content\/uploads\/2025\/07\/tapa-dinamis-80-min.jpg' alt='' style='' \/><\/a><\/div><\/div>[vc_empty_space height=&#8221;20px&#8221;]<div class='image_hover ' style='' data-transition-delay=''><div class='images_holder'><a itemprop='url' href='https:\/\/online.fliphtml5.com\/ijroi\/zptf\/' target='_self'><img itemprop='image' class='active_image ' src='https:\/\/www.sind-luzyfuerza-cap.org.ar\/slyf\/wp-content\/uploads\/2025\/04\/tapa-dinamis-79-min2.jpg' alt='' style='' \/><img itemprop='image' class='hover_image' src='https:\/\/www.sind-luzyfuerza-cap.org.ar\/slyf\/wp-content\/uploads\/2025\/04\/tapa-dinamis-79-min.jpg' alt='' style='' \/><\/a><\/div><\/div>[vc_empty_space height=&#8221;20px&#8221;]<div class='image_hover ' style='' data-transition-delay=''><div class='images_holder'><a itemprop='url' href='https:\/\/online.fliphtml5.com\/ijroi\/dqbz\/' target='_self'><img itemprop='image' class='active_image ' src='https:\/\/www.sind-luzyfuerza-cap.org.ar\/slyf\/wp-content\/uploads\/2024\/07\/tapa-dinamis-76-min2.jpg' alt='' style='' \/><img itemprop='image' class='hover_image' src='https:\/\/www.sind-luzyfuerza-cap.org.ar\/slyf\/wp-content\/uploads\/2024\/07\/tapa-dinamis-76-min.jpg' alt='' style='' \/><\/a><\/div><\/div>[vc_empty_space height=&#8221;20px&#8221;]<div class='image_hover ' style='' data-transition-delay=''><div class='images_holder'><a itemprop='url' href='https:\/\/online.fliphtml5.com\/ijroi\/ihce\/#p=1' target='_blank'><img itemprop='image' class='active_image ' src='https:\/\/www.sind-luzyfuerza-cap.org.ar\/slyf\/wp-content\/uploads\/2023\/04\/tapa-dinamis-min-71-2.jpg' alt='' style='' \/><img itemprop='image' class='hover_image' src='https:\/\/www.sind-luzyfuerza-cap.org.ar\/slyf\/wp-content\/uploads\/2023\/04\/tapa-dinamis-min-71.jpg' alt='' style='' \/><\/a><\/div><\/div>[\/vc_column_inner][vc_column_inner width=&#8221;1\/3&#8243;]<div class='image_hover ' style='' data-transition-delay=''><div class='images_holder'><a itemprop='url' href='https:\/\/online.fliphtml5.com\/ijroi\/qngc\/' target='_self'><img itemprop='image' class='active_image ' src='https:\/\/www.sind-luzyfuerza-cap.org.ar\/slyf\/wp-content\/uploads\/2024\/12\/tapa-dinamis-78-min2.jpg' alt='' style='' \/><img itemprop='image' class='hover_image' src='https:\/\/www.sind-luzyfuerza-cap.org.ar\/slyf\/wp-content\/uploads\/2024\/12\/tapa-dinamis-78-min.jpg' alt='' style='' \/><\/a><\/div><\/div>[vc_empty_space height=&#8221;20px&#8221;]<div class='image_hover ' style='' data-transition-delay=''><div class='images_holder'><a itemprop='url' href='https:\/\/online.fliphtml5.com\/ijroi\/mxfj\/' target='_self'><img itemprop='image' class='active_image ' src='https:\/\/www.sind-luzyfuerza-cap.org.ar\/slyf\/wp-content\/uploads\/2024\/04\/tapa-dinamis-75-min2.jpg' alt='' style='' \/><img itemprop='image' class='hover_image' src='https:\/\/www.sind-luzyfuerza-cap.org.ar\/slyf\/wp-content\/uploads\/2024\/04\/tapa-dinamis-75-min.jpg' alt='' style='' \/><\/a><\/div><\/div>[vc_empty_space height=&#8221;20px&#8221;]<div class='image_hover ' style='' data-transition-delay=''><div class='images_holder'><a itemprop='url' href='https:\/\/online.fliphtml5.com\/ijroi\/hvai\/' target='_blank'><img itemprop='image' class='active_image ' src='https:\/\/www.sind-luzyfuerza-cap.org.ar\/slyf\/wp-content\/uploads\/2023\/11\/tapa-dinamis-73-b-min.jpg' alt='' style='' \/><img itemprop='image' class='hover_image' src='https:\/\/www.sind-luzyfuerza-cap.org.ar\/slyf\/wp-content\/uploads\/2023\/11\/tapa-dinamis-73-a-min.jpg' alt='' style='' \/><\/a><\/div><\/div>[vc_empty_space height=&#8221;20px&#8221;]<div class='image_hover ' style='' data-transition-delay=''><div class='images_holder'><a itemprop='url' href='https:\/\/online.fliphtml5.com\/ijroi\/zrcz\/' target='_blank'><img itemprop='image' class='active_image ' src='https:\/\/www.sind-luzyfuerza-cap.org.ar\/slyf\/wp-content\/uploads\/2022\/12\/dinamis69-min-tapa2.jpg' alt='' style='' \/><img itemprop='image' class='hover_image' src='https:\/\/www.sind-luzyfuerza-cap.org.ar\/slyf\/wp-content\/uploads\/2022\/12\/dinamis69-min-tapa.jpg' alt='' style='' \/><\/a><\/div><\/div>[vc_empty_space height=&#8221;20px&#8221;]<div class='image_hover ' style='' data-transition-delay=''><div class='images_holder'><a itemprop='url' href='https:\/\/online.fliphtml5.com\/ijroi\/qrhb\/#p=1' target='_blank'><img itemprop='image' class='active_image ' src='https:\/\/www.sind-luzyfuerza-cap.org.ar\/slyf\/wp-content\/uploads\/2023\/04\/tapa-dinamis-70-min2.jpg' alt='' style='' \/><img itemprop='image' class='hover_image' src='https:\/\/www.sind-luzyfuerza-cap.org.ar\/slyf\/wp-content\/uploads\/2023\/04\/tapa-dinamis-70-min.jpg' alt='' style='' \/><\/a><\/div><\/div>[\/vc_column_inner][vc_column_inner width=&#8221;1\/3&#8243;]<div class='image_hover ' style='' data-transition-delay=''><div class='images_holder'><a itemprop='url' href='https:\/\/online.fliphtml5.com\/ijroi\/evya\/' target='_self'><img itemprop='image' class='active_image ' src='https:\/\/www.sind-luzyfuerza-cap.org.ar\/slyf\/wp-content\/uploads\/2024\/10\/tapa-dinamis-77-min2.jpg' alt='' style='' \/><img itemprop='image' class='hover_image' src='https:\/\/www.sind-luzyfuerza-cap.org.ar\/slyf\/wp-content\/uploads\/2024\/10\/tapa-dinamis-77-min.jpg' alt='' style='' \/><\/a><\/div><\/div>[vc_empty_space height=&#8221;20px&#8221;]<div class='image_hover ' style='' data-transition-delay=''><div class='images_holder'><a itemprop='url' href='https:\/\/online.fliphtml5.com\/ijroi\/hvai\/' target='_self'><img itemprop='image' class='active_image ' src='https:\/\/www.sind-luzyfuerza-cap.org.ar\/slyf\/wp-content\/uploads\/2023\/12\/tapa-dinamis-min-74-1.jpg' alt='' style='' \/><img itemprop='image' class='hover_image' src='https:\/\/www.sind-luzyfuerza-cap.org.ar\/slyf\/wp-content\/uploads\/2023\/12\/tapa-dinamis-min-74.jpg' alt='' style='' \/><\/a><\/div><\/div>[vc_empty_space height=&#8221;20px&#8221;]<div class='image_hover ' style='' data-transition-delay=''><div class='images_holder'><a itemprop='url' href='https:\/\/online.fliphtml5.com\/ijroi\/vgkg\/' target='_blank'><img itemprop='image' class='active_image ' src='https:\/\/www.sind-luzyfuerza-cap.org.ar\/slyf\/wp-content\/uploads\/2023\/10\/tapa-dinamis-72-min1.jpg' alt='' style='' \/><img itemprop='image' class='hover_image' src='https:\/\/www.sind-luzyfuerza-cap.org.ar\/slyf\/wp-content\/uploads\/2023\/10\/tapa-dinamis-72-min2.jpg' alt='' style='' \/><\/a><\/div><\/div>[vc_empty_space height=&#8221;20px&#8221;]<div class='image_hover ' style='' data-transition-delay=''><div class='images_holder'><a itemprop='url' href='https:\/\/online.fliphtml5.com\/qjzhk\/vamf\/#p=1' target='_blank'><img itemprop='image' class='active_image ' src='https:\/\/www.sind-luzyfuerza-cap.org.ar\/slyf\/wp-content\/uploads\/2022\/09\/dinamis68-min-tapa1.jpg' alt='' style='' \/><img itemprop='image' class='hover_image' src='https:\/\/www.sind-luzyfuerza-cap.org.ar\/slyf\/wp-content\/uploads\/2022\/09\/dinamis68-min-tapa2.jpg' alt='' style='' \/><\/a><\/div><\/div>[vc_empty_space height=&#8221;20px&#8221;]<div class='image_hover ' style='' data-transition-delay=''><div class='images_holder'><a itemprop='url' href='http:\/\/online.fliphtml5.com\/qjzhk\/hdgm\/' target='_blank'><img itemprop='image' class='active_image ' src='https:\/\/www.sind-luzyfuerza-cap.org.ar\/slyf\/wp-content\/uploads\/2019\/12\/dinamis66miniatura1.jpg' alt='' style='' \/><img itemprop='image' class='hover_image' src='https:\/\/www.sind-luzyfuerza-cap.org.ar\/slyf\/wp-content\/uploads\/2019\/12\/dinamis66miniatura2.jpg' alt='' style='' \/><\/a><\/div><\/div>[\/vc_column_inner][\/vc_row_inner][vc_empty_space][\/vc_column][vc_column width=&#8221;1\/3&#8243;][vc_gallery interval=&#8221;3&#8243; images=&#8221;2694,6280&#8243; img_size=&#8221;full&#8221;][vc_column_text css=&#8221;.vc_custom_1774477589290{background-color: #ffffff !important;}&#8221;]<\/p>\n<p style=\"text-align: center;\"><strong>Subsecretaria suplente: Alejandra Perez\u00a0<\/strong><\/p>\n<p>[\/vc_column_text][vc_empty_space height=&#8221;50px&#8221;][vc_single_image image=&#8221;5418&#8243; img_size=&#8221;full&#8221; qode_css_animation=&#8221;&#8221;][vc_empty_space][vc_single_image image=&#8221;5339&#8243; img_size=&#8221;full&#8221; qode_css_animation=&#8221;&#8221;][vc_empty_space][vc_single_image image=&#8221;5262&#8243; img_size=&#8221;full&#8221; qode_css_animation=&#8221;&#8221;][vc_empty_space][vc_single_image image=&#8221;5122&#8243; img_size=&#8221;full&#8221; qode_css_animation=&#8221;&#8221;][vc_empty_space][vc_single_image image=&#8221;5121&#8243; img_size=&#8221;full&#8221; qode_css_animation=&#8221;&#8221;][vc_empty_space][vc_single_image image=&#8221;5040&#8243; img_size=&#8221;full&#8221; qode_css_animation=&#8221;&#8221;][vc_empty_space][vc_single_image image=&#8221;4992&#8243; img_size=&#8221;full&#8221; qode_css_animation=&#8221;&#8221;][vc_empty_space][vc_single_image image=&#8221;4980&#8243; img_size=&#8221;full&#8221; qode_css_animation=&#8221;&#8221;][vc_empty_space][vc_single_image image=&#8221;4316&#8243; img_size=&#8221;full&#8221; qode_css_animation=&#8221;&#8221;][vc_empty_space][vc_single_image image=&#8221;4034&#8243; img_size=&#8221;full&#8221; qode_css_animation=&#8221;&#8221;][vc_empty_space][vc_single_image image=&#8221;4128&#8243; img_size=&#8221;full&#8221; qode_css_animation=&#8221;&#8221;][vc_empty_space][vc_single_image image=&#8221;4028&#8243; img_size=&#8221;full&#8221; qode_css_animation=&#8221;&#8221;][vc_empty_space][\/vc_column][\/vc_row][vc_row css_animation=&#8221;&#8221; row_type=&#8221;row&#8221; use_row_as_full_screen_section=&#8221;no&#8221; type=&#8221;grid&#8221; angled_section=&#8221;no&#8221; text_align=&#8221;left&#8221; background_image_as_pattern=&#8221;without_pattern&#8221; background_color=&#8221;#e8e8e8&#8243; border_color=&#8221;#1e73be&#8221; z_index=&#8221;&#8221;][vc_column width=&#8221;5\/6&#8243;][vc_empty_space height=&#8221;60&#8243;][vc_column_text]<\/p>\n<h2>Noticias Generales<\/h2>\n<p>[\/vc_column_text][vc_empty_space height=&#8221;21px&#8221;]<div class='blog_slider_holder clearfix '><div class='blog_slider blog_slider_carousel' data-blogs_shown='3' data-auto_start='true'><ul class='blog_slides'><li class='item'><div class=\"item_holder\"><div class=\"blog_text_holder info_bottom\" style=\"background-color:rgba(30,115,190,0.83);\"><div class=\"blog_text_holder_outer\"><div class=\"blog_text_date_holder\"><div itemprop=\"dateCreated\" class=\"blog_slider_date_holder entry_date updated\"><span class=\"blog_slider_day\" style= \"color: rgba(30,115,190,0.01);\" >09<\/span><span class=\"blog_slider_month\" style= \"color: rgba(30,115,190,0.01);\">Mar<\/span><meta itemprop=\"interactionCount\" content=\"UserComments:0\"\/><\/div><\/div><div class=\"blog_text_holder_inner\"><h3 itemprop=\"name\" class=\"blog_slider_title entry_title\" ><a itemprop=\"url\" href=\"https:\/\/www.sind-luzyfuerza-cap.org.ar\/slyf\/titulo-de-la-noticia-vivienda-01-2\/\" >CGT &#8211; Pedido de Ratificaci\u00f3n  Convenio n\u00b0 190 de la OIT<\/a><\/h3><\/div><\/div><\/div><div class=\"blog_image_holder\"><span class=\"image\"><img width=\"1000\" height=\"540\" src=\"https:\/\/www.sind-luzyfuerza-cap.org.ar\/slyf\/wp-content\/uploads\/2020\/03\/destacada-4demarzo.jpg\" class=\"attachment-full size-full wp-post-image\" alt=\"\" loading=\"lazy\" srcset=\"https:\/\/www.sind-luzyfuerza-cap.org.ar\/slyf\/wp-content\/uploads\/2020\/03\/destacada-4demarzo.jpg 1000w, https:\/\/www.sind-luzyfuerza-cap.org.ar\/slyf\/wp-content\/uploads\/2020\/03\/destacada-4demarzo-300x162.jpg 300w, https:\/\/www.sind-luzyfuerza-cap.org.ar\/slyf\/wp-content\/uploads\/2020\/03\/destacada-4demarzo-768x415.jpg 768w, https:\/\/www.sind-luzyfuerza-cap.org.ar\/slyf\/wp-content\/uploads\/2020\/03\/destacada-4demarzo-700x378.jpg 700w\" sizes=\"(max-width: 1000px) 100vw, 1000px\" \/><\/span><\/div><\/div><\/li><li class='item'><div class=\"item_holder\"><div class=\"blog_text_holder info_bottom\" style=\"background-color:rgba(30,115,190,0.83);\"><div class=\"blog_text_holder_outer\"><div class=\"blog_text_date_holder\"><div itemprop=\"dateCreated\" class=\"blog_slider_date_holder entry_date updated\"><span class=\"blog_slider_day\" style= \"color: rgba(30,115,190,0.01);\" >15<\/span><span class=\"blog_slider_month\" style= \"color: rgba(30,115,190,0.01);\">Oct<\/span><meta itemprop=\"interactionCount\" content=\"UserComments:0\"\/><\/div><\/div><div class=\"blog_text_holder_inner\"><h3 itemprop=\"name\" class=\"blog_slider_title entry_title\" ><a itemprop=\"url\" href=\"https:\/\/www.sind-luzyfuerza-cap.org.ar\/slyf\/titulo-de-la-noticia-vivienda-01\/\" >Educaci\u00f3n &#8211; Beneficios<\/a><\/h3><\/div><\/div><\/div><div class=\"blog_image_holder\"><span class=\"image\"><img width=\"1000\" height=\"540\" src=\"https:\/\/www.sind-luzyfuerza-cap.org.ar\/slyf\/wp-content\/uploads\/2018\/03\/uai-febrero2019miniatura.jpg\" class=\"attachment-full size-full wp-post-image\" alt=\"\" loading=\"lazy\" srcset=\"https:\/\/www.sind-luzyfuerza-cap.org.ar\/slyf\/wp-content\/uploads\/2018\/03\/uai-febrero2019miniatura.jpg 1000w, https:\/\/www.sind-luzyfuerza-cap.org.ar\/slyf\/wp-content\/uploads\/2018\/03\/uai-febrero2019miniatura-300x162.jpg 300w, https:\/\/www.sind-luzyfuerza-cap.org.ar\/slyf\/wp-content\/uploads\/2018\/03\/uai-febrero2019miniatura-768x415.jpg 768w, https:\/\/www.sind-luzyfuerza-cap.org.ar\/slyf\/wp-content\/uploads\/2018\/03\/uai-febrero2019miniatura-700x378.jpg 700w\" sizes=\"(max-width: 1000px) 100vw, 1000px\" \/><\/span><\/div><\/div><\/li><li class='item'><div class=\"item_holder\"><div class=\"blog_text_holder info_bottom\" style=\"background-color:rgba(30,115,190,0.83);\"><div class=\"blog_text_holder_outer\"><div class=\"blog_text_date_holder\"><div itemprop=\"dateCreated\" class=\"blog_slider_date_holder entry_date updated\"><span class=\"blog_slider_day\" style= \"color: rgba(30,115,190,0.01);\" >15<\/span><span class=\"blog_slider_month\" style= \"color: rgba(30,115,190,0.01);\">Ene<\/span><meta itemprop=\"interactionCount\" content=\"UserComments:0\"\/><\/div><\/div><div class=\"blog_text_holder_inner\"><h3 itemprop=\"name\" class=\"blog_slider_title entry_title\" ><a itemprop=\"url\" href=\"https:\/\/www.sind-luzyfuerza-cap.org.ar\/slyf\/titulo-de-la-noticia-2\/\" >Cursos 2022<\/a><\/h3><\/div><\/div><\/div><div class=\"blog_image_holder\"><span class=\"image\"><img width=\"900\" height=\"540\" src=\"https:\/\/www.sind-luzyfuerza-cap.org.ar\/slyf\/wp-content\/uploads\/2018\/01\/CENTRO408-para-carrousell-noticias.jpg\" class=\"attachment-full size-full wp-post-image\" alt=\"\" loading=\"lazy\" srcset=\"https:\/\/www.sind-luzyfuerza-cap.org.ar\/slyf\/wp-content\/uploads\/2018\/01\/CENTRO408-para-carrousell-noticias.jpg 900w, https:\/\/www.sind-luzyfuerza-cap.org.ar\/slyf\/wp-content\/uploads\/2018\/01\/CENTRO408-para-carrousell-noticias-300x180.jpg 300w, https:\/\/www.sind-luzyfuerza-cap.org.ar\/slyf\/wp-content\/uploads\/2018\/01\/CENTRO408-para-carrousell-noticias-768x461.jpg 768w, https:\/\/www.sind-luzyfuerza-cap.org.ar\/slyf\/wp-content\/uploads\/2018\/01\/CENTRO408-para-carrousell-noticias-700x420.jpg 700w\" sizes=\"(max-width: 900px) 100vw, 900px\" \/><\/span><\/div><\/div><\/li><\/ul><ul class=\"caroufredsel-direction-nav\"><li><a id=\"caroufredsel-prev\" class=\"caroufredsel-prev\" href=\"#\"><div><i class=\"fa fa-angle-left\"><\/i><\/div><\/a><\/li><li><a class=\"caroufredsel-next\" id=\"caroufredsel-next\" href=\"#\"><div><i class=\"fa fa-angle-right\"><\/i><\/div><\/a><\/li><\/ul><\/div><\/div>[vc_empty_space height=&#8221;60&#8243;][\/vc_column][vc_column width=&#8221;1\/6&#8243;][\/vc_column][\/vc_row]<\/p>\n","protected":false},"excerpt":{"rendered":"<p>[vc_row css_animation=&#8221;&#8221; row_type=&#8221;row&#8221; use_row_as_full_screen_section=&#8221;no&#8221; type=&#8221;full_width&#8221; angled_section=&#8221;no&#8221; text_align=&#8221;left&#8221; background_image_as_pattern=&#8221;without_pattern&#8221;][vc_column][vc_empty_space height=&#8221;60&#8243;][\/vc_column][\/vc_row][vc_row css_animation=&#8221;&#8221; row_type=&#8221;row&#8221; use_row_as_full_screen_section=&#8221;no&#8221; type=&#8221;grid&#8221; angled_section=&#8221;no&#8221; text_align=&#8221;left&#8221; background_image_as_pattern=&#8221;without_pattern&#8221; z_index=&#8221;&#8221;][vc_column width=&#8221;2\/3&#8243;][vc_column_text] Secretar\u00eda de Prensa. [\/vc_column_text][vc_tabs style=&#8221;horizontal_left&#8221;][vc_tab title=&#8221;Revista Dinamis&#8221; tab_id=&#8221;9949c9e5-dfd5-7&#8243;][vc_row_inner row_type=&#8221;row&#8221; type=&#8221;full_width&#8221; text_align=&#8221;left&#8221; css_animation=&#8221;&#8221;][vc_column_inner width=&#8221;2\/3&#8243;][vc_empty_space height=&#8221;20px&#8221;][vc_column_text]Revista Dinamis n\u00b0 83 &#8211; Abril 2026[\/vc_column_text][vc_raw_html]JTNDaWZyYW1lJTIwc3R5bGUlM0QlMjJ3aWR0aCUzQTcwMHB4JTNCaGVpZ2h0JTNBNDAwcHglMjIlMjBzcmMlM0QlMjJodHRwcyUzQSUyRiUyRm9ubGluZS5mbGlwaHRtbDUuY29tJTJGaWpyb2klMkZienZvJTJGJTIyJTIwJTIwc2VhbWxlc3MlM0QlMjJzZWFtbGVzcyUyMiUyMHNjcm9sbGluZyUzRCUyMm5vJTIyJTIwZnJhbWVib3JkZXIlM0QlMjIwJTIyJTIwYWxsb3d0cmFuc3BhcmVuY3klM0QlMjJ0cnVlJTIyJTIwYWxsb3dmdWxsc2NyZWVuJTNEJTIydHJ1ZSUyMiUyMCUzRSUzQyUyRmlmcmFtZSUzRQ==[\/vc_raw_html][vc_separator type=&#8221;normal&#8221;][vc_column_text]Para ver desde celulares haga clic en&#8230;<\/p>\n","protected":false},"author":2,"featured_media":0,"parent":405,"menu_order":0,"comment_status":"closed","ping_status":"closed","template":"full_width.php","meta":[],"_links":{"self":[{"href":"https:\/\/www.sind-luzyfuerza-cap.org.ar\/slyf\/wp-json\/wp\/v2\/pages\/472"}],"collection":[{"href":"https:\/\/www.sind-luzyfuerza-cap.org.ar\/slyf\/wp-json\/wp\/v2\/pages"}],"about":[{"href":"https:\/\/www.sind-luzyfuerza-cap.org.ar\/slyf\/wp-json\/wp\/v2\/types\/page"}],"author":[{"embeddable":true,"href":"https:\/\/www.sind-luzyfuerza-cap.org.ar\/slyf\/wp-json\/wp\/v2\/users\/2"}],"replies":[{"embeddable":true,"href":"https:\/\/www.sind-luzyfuerza-cap.org.ar\/slyf\/wp-json\/wp\/v2\/comments?post=472"}],"version-history":[{"count":101,"href":"https:\/\/www.sind-luzyfuerza-cap.org.ar\/slyf\/wp-json\/wp\/v2\/pages\/472\/revisions"}],"predecessor-version":[{"id":7051,"href":"https:\/\/www.sind-luzyfuerza-cap.org.ar\/slyf\/wp-json\/wp\/v2\/pages\/472\/revisions\/7051"}],"up":[{"embeddable":true,"href":"https:\/\/www.sind-luzyfuerza-cap.org.ar\/slyf\/wp-json\/wp\/v2\/pages\/405"}],"wp:attachment":[{"href":"https:\/\/www.sind-luzyfuerza-cap.org.ar\/slyf\/wp-json\/wp\/v2\/media?parent=472"}],"curies":[{"name":"wp","href":"https:\/\/api.w.org\/{rel}","templated":true}]}}