{"id":736,"date":"2018-04-11T12:10:10","date_gmt":"2018-04-11T12:10:10","guid":{"rendered":"https:\/\/www.sind-luzyfuerza-cap.org.ar\/slyf\/?page_id=736"},"modified":"2019-02-22T14:03:10","modified_gmt":"2019-02-22T14:03:10","slug":"pensiondirecta","status":"publish","type":"page","link":"https:\/\/www.sind-luzyfuerza-cap.org.ar\/slyf\/secretarias\/prevision-social\/pensiondirecta\/","title":{"rendered":"Pensi\u00f3n directa- Documentaci\u00f3n"},"content":{"rendered":"<p>[vc_row css_animation=&#8221;&#8221; row_type=&#8221;row&#8221; use_row_as_full_screen_section=&#8221;no&#8221; type=&#8221;full_width&#8221; angled_section=&#8221;no&#8221; text_align=&#8221;left&#8221; background_image_as_pattern=&#8221;without_pattern&#8221;][vc_column][vc_empty_space height=&#8221;60&#8243;][\/vc_column][\/vc_row][vc_row css_animation=&#8221;&#8221; row_type=&#8221;row&#8221; use_row_as_full_screen_section=&#8221;no&#8221; type=&#8221;grid&#8221; angled_section=&#8221;no&#8221; text_align=&#8221;left&#8221; background_image_as_pattern=&#8221;without_pattern&#8221; z_index=&#8221;&#8221;][vc_column width=&#8221;2\/3&#8243;][vc_column_text]<\/p>\n<h6>Previsi\u00f3n Social<\/h6>\n<p>[\/vc_column_text][vc_empty_space height=&#8221;7px&#8221;][vc_column_text]<\/p>\n<h2>Gu\u00eda de tr\u00e1mites<\/h2>\n<p>[\/vc_column_text][vc_empty_space height=&#8221;21px&#8221;][vc_column_text]<\/p>\n<h4>\u00c1rea Gestor\u00eda<\/h4>\n<h3><span style=\"color: #003366;\">Documentaci\u00f3n<\/span><\/h3>\n<p>[\/vc_column_text][vc_accordion active_tab=&#8221;false&#8221; collapsible=&#8221;yes&#8221; style=&#8221;accordion&#8221;][vc_accordion_tab title=&#8221;DOCUMENTACI\u00d3N DEL VIUDO\/A&#8221; title_color=&#8221;#1e73be&#8221;][vc_column_text]<\/p>\n<ul>\n<li><span class=\"texto-cuerpo\">&#8211; 4 Fotocopias de la partidas de Defunci\u00f3n del fallecido, esta partida se la entrega la casa velatoria al momento del sepelio.<\/span><\/li>\n<li><span class=\"texto-cuerpo\">&#8211; 2 Fotocopias de partida de matrimonio actualizada para pensi\u00f3n o sucesi\u00f3n, esta partida debe tramitarla en el registro civil donde se haya celebrado el matrimonio. Debe llevar la libreta de matrimonio.<\/span><\/li>\n<li><span class=\"texto-cuerpo\">&#8211; 3 Fotocopias Documento Peticionante de Paginas 01 ,02 Y domicilio actualizado.<\/span><\/li>\n<li><span class=\"texto-cuerpo\">&#8211; 1 Fotocopia del \u00faltimo recibo haberes causante (persona fallecida).<\/span><\/li>\n<li><span class=\"texto-cuerpo\">&#8211; 1 Fotocopia si percibe alg\u00fan Beneficio la Peticionante.<\/span><\/li>\n<li><span class=\"texto-cuerpo\">&#8211; 1 Fotocopia CUIL\/T Peticionante.<\/span><\/li>\n<\/ul>\n<blockquote><p><span class=\"texto-cuerpo\"><strong>\u00a0ORIGINALES<\/strong>:<\/span><\/p><\/blockquote>\n<ul class=\"texto-cuerpo\">\n<li>Certificaci\u00f3n de Servicios. En los casos de trabajadores de empresas contratistas deber\u00e1n traer las libretas de trabajo de la construcci\u00f3n y el certificado de OSPECOM.<br \/>\nPara ello deber\u00e1n concurrir a la UOCRA y solicitar el mencionado certificado,<br \/>\nen Av. Belgrano 1870, capital federal.<\/li>\n<li>Solicitar Libre Deuda del 2% adicional de la Resoluci\u00f3n 268 y 824\/09.<\/li>\n<li>Carnet Obra Social Peticionante. Si tuviera otra obra social o pre-paga no es necesario ninguna credencial.<\/li>\n<li>Originales de certificaciones de Servicios del causante.<\/li>\n<\/ul>\n<p>[\/vc_column_text][\/vc_accordion_tab][vc_accordion_tab title=&#8221;DOCUMENTACI\u00d3N DE LOS HIJOS MENORES DE 18 A\u00d1OS&#8221; title_color=&#8221;#1e73be&#8221;][vc_column_text]<\/p>\n<ul>\n<li>3 Fotocopias DNI hijos menores de p\u00e1gina 01, 02 y domicilio actualizado.<br \/>\nEl domicilio debe ser coincidente con el del titular.<\/li>\n<li>3 Fotocopias Partida Nacimiento hijo\/s menor\/es.<\/li>\n<li>1 Fotocopia CUIL\/T de hijo\/s menor\/es.<\/li>\n<\/ul>\n<blockquote><p><strong>ORIGINALES:<\/strong><\/p><\/blockquote>\n<ul>\n<li>Carnet de la Obra Social O.S.T.E.E., si tuviera otra Obra Social o prepaga no es necesario ninguna credencial.<\/li>\n<li>Certificado de estudios.<\/li>\n<\/ul>\n<p>[\/vc_column_text][\/vc_accordion_tab][vc_accordion_tab title=&#8221; DOCUMENTACI\u00d3N DE LOS HIJOS DISCAPACITADOS&#8221; title_color=&#8221;#1e73be&#8221;][vc_column_text]<\/p>\n<ul>\n<li>3 Fotocopias del DNI de hijo\/s discapacitado\/s de p\u00e1gina 1 y 2 y\u00a0 domicilio actualizado.<br \/>\nEl domicilio debe ser coincidente con el del titular.<\/li>\n<li>3 Fotocopias Partida Nacimiento de hijo\/s discapacitado\/s.<\/li>\n<li>1 Fotocopia CUIL\/T de hijo\/s discapacitado\/s.<\/li>\n<\/ul>\n<blockquote><p><strong>ORIGINAL<\/strong>:<\/p><\/blockquote>\n<ul>\n<li><strong><em>Certificado M\u00e9dico Municipal de discapacidad<\/em><\/strong>: En los casos que no posean este<br \/>\ncertificado, deber\u00e1n tramitarlo si el domicilio del discapacitado es de Provincia de Buenos Aires, en Ramsay 2250, Capital Federal, solicitando turno al: 0800-555-3472. En los casos que el domicilio del discapacitado sea de Capital Federal, deber\u00e1 tramitarlo en el Hospital P\u00fablico correspondiente seg\u00fan la discapacidad.<\/li>\n<li>Carnet de la Obra Social O.S.T.E.E., si tuviera otra Obra Social o pre-paga no es necesario ninguna credencial.<\/li>\n<li>Constancia definitiva de TUTOR O CURADOR.<\/li>\n<li>EN LOS CASOS DE LOS HIJOS SOLTEROS ENTRE 18 A\u00d1OS Y 21 A\u00d1OS DE EDAD SE REQUERIRA LO SIGUIENTE: (solo para incorporarlos a la obra social OSTEE si la tuvieran)<\/li>\n<li>En estos casos son para ingresarlos en nuestra obra social si la tuviera, a la finalizaci\u00f3n del tr\u00e1mite de jubilaci\u00f3n.<\/li>\n<li>3 Fotocopias DNI hijo\/s p\u00e1gina 01, 02 y domicilio actualizado. El domicilio debe ser coincidente con el del titular.<\/li>\n<li>3 Fotocopias Partida Nacimiento del hijo.<\/li>\n<li>Carnet Obra Social O.S.T.E.E., si tuviera otra obra social o pre-paga no es necesario ninguna credencial.<\/li>\n<\/ul>\n<p>[\/vc_column_text][\/vc_accordion_tab][vc_accordion_tab title=&#8221; HIJOS SOLTEROS ENTRE 18 A\u00d1OS Y 21 A\u00d1OS DE EDAD (solo para incorporarlos a la obra social OSTEE si la tuvieran)&#8221; title_color=&#8221;#1e73be&#8221;][vc_column_text]<\/p>\n<ul class=\"texto-cuerpo\">\n<li class=\"texto-cuerpo\">3 Fotocopias DNI hijo\/s p\u00e1ginas 01, 02 y domicilio actualizado. El domicilio debe ser coincidente con el del titular.<\/li>\n<li class=\"texto-cuerpo\">3 Fotocopias Partida Nacimiento hijo\/s.<\/li>\n<li class=\"texto-cuerpo\">Original de certificado de estudios regulares.<\/li>\n<li class=\"texto-cuerpo\">Carnet Obra Social O.S.T.E.E., si tuviera otra obra social o pre-paga no es necesario ninguna credencial.<\/li>\n<\/ul>\n<p>[\/vc_column_text][\/vc_accordion_tab][\/vc_accordion][\/vc_column][vc_column width=&#8221;1\/3&#8243;][vc_empty_space height=&#8221;7px&#8221;][vc_single_image image=&#8221;141&#8243; img_size=&#8221;full&#8221; alignment=&#8221;center&#8221; qode_css_animation=&#8221;&#8221;][vc_empty_space height=&#8221;40px&#8221;][\/vc_column][\/vc_row][vc_row css_animation=&#8221;&#8221; row_type=&#8221;row&#8221; use_row_as_full_screen_section=&#8221;no&#8221; type=&#8221;full_width&#8221; angled_section=&#8221;no&#8221; text_align=&#8221;left&#8221; background_image_as_pattern=&#8221;without_pattern&#8221;][vc_column][vc_empty_space height=&#8221;60&#8243;][\/vc_column][\/vc_row][vc_row css_animation=&#8221;&#8221; row_type=&#8221;row&#8221; use_row_as_full_screen_section=&#8221;no&#8221; type=&#8221;grid&#8221; angled_section=&#8221;no&#8221; text_align=&#8221;left&#8221; background_image_as_pattern=&#8221;without_pattern&#8221; z_index=&#8221;&#8221;][vc_column]<div class='q_masonry_blog'><div class=\"q_masonry_blog_grid_sizer\"><\/div><div class=\"q_masonry_blog_grid_gutter\"><\/div><\/div>[\/vc_column][\/vc_row][vc_row css_animation=&#8221;&#8221; row_type=&#8221;row&#8221; use_row_as_full_screen_section=&#8221;no&#8221; type=&#8221;full_width&#8221; angled_section=&#8221;no&#8221; text_align=&#8221;left&#8221; background_image_as_pattern=&#8221;without_pattern&#8221;][vc_column][vc_empty_space height=&#8221;40&#8243;][\/vc_column][\/vc_row][vc_row css_animation=&#8221;&#8221; row_type=&#8221;row&#8221; use_row_as_full_screen_section=&#8221;no&#8221; type=&#8221;grid&#8221; angled_section=&#8221;no&#8221; text_align=&#8221;left&#8221; background_image_as_pattern=&#8221;without_pattern&#8221; background_color=&#8221;#e8e8e8&#8243; border_color=&#8221;#1e73be&#8221; z_index=&#8221;&#8221;][vc_column][vc_empty_space height=&#8221;60&#8243;][vc_column_text]<\/p>\n<h2>Noticias Generales<\/h2>\n<p>[\/vc_column_text][vc_empty_space height=&#8221;21px&#8221;]<div class='blog_slider_holder clearfix '><div class='blog_slider blog_slider_carousel' data-blogs_shown='3' data-auto_start='true'><ul class='blog_slides'><li class='item'><div class=\"item_holder\"><div class=\"blog_text_holder info_bottom\" style=\"background-color:rgba(30,115,190,0.83);\"><div class=\"blog_text_holder_outer\"><div class=\"blog_text_date_holder\"><div itemprop=\"dateCreated\" class=\"blog_slider_date_holder entry_date updated\"><span class=\"blog_slider_day\" style= \"color: rgba(0,0,0,0.01);\" >09<\/span><span class=\"blog_slider_month\" style= \"color: rgba(0,0,0,0.01);\">Mar<\/span><meta itemprop=\"interactionCount\" content=\"UserComments:0\"\/><\/div><\/div><div class=\"blog_text_holder_inner\"><h3 itemprop=\"name\" class=\"blog_slider_title entry_title\" ><a itemprop=\"url\" href=\"https:\/\/www.sind-luzyfuerza-cap.org.ar\/slyf\/titulo-de-la-noticia-vivienda-01-2\/\" >CGT &#8211; Pedido de Ratificaci\u00f3n  Convenio n\u00b0 190 de la OIT<\/a><\/h3><\/div><\/div><\/div><div class=\"blog_image_holder\"><span class=\"image\"><img width=\"1000\" height=\"540\" src=\"https:\/\/www.sind-luzyfuerza-cap.org.ar\/slyf\/wp-content\/uploads\/2020\/03\/destacada-4demarzo.jpg\" class=\"attachment-full size-full wp-post-image\" alt=\"\" loading=\"lazy\" srcset=\"https:\/\/www.sind-luzyfuerza-cap.org.ar\/slyf\/wp-content\/uploads\/2020\/03\/destacada-4demarzo.jpg 1000w, https:\/\/www.sind-luzyfuerza-cap.org.ar\/slyf\/wp-content\/uploads\/2020\/03\/destacada-4demarzo-300x162.jpg 300w, https:\/\/www.sind-luzyfuerza-cap.org.ar\/slyf\/wp-content\/uploads\/2020\/03\/destacada-4demarzo-768x415.jpg 768w, https:\/\/www.sind-luzyfuerza-cap.org.ar\/slyf\/wp-content\/uploads\/2020\/03\/destacada-4demarzo-700x378.jpg 700w\" sizes=\"(max-width: 1000px) 100vw, 1000px\" \/><\/span><\/div><\/div><\/li><li class='item'><div class=\"item_holder\"><div class=\"blog_text_holder info_bottom\" style=\"background-color:rgba(30,115,190,0.83);\"><div class=\"blog_text_holder_outer\"><div class=\"blog_text_date_holder\"><div itemprop=\"dateCreated\" class=\"blog_slider_date_holder entry_date updated\"><span class=\"blog_slider_day\" style= \"color: rgba(0,0,0,0.01);\" >15<\/span><span class=\"blog_slider_month\" style= \"color: rgba(0,0,0,0.01);\">Oct<\/span><meta itemprop=\"interactionCount\" content=\"UserComments:0\"\/><\/div><\/div><div class=\"blog_text_holder_inner\"><h3 itemprop=\"name\" class=\"blog_slider_title entry_title\" ><a itemprop=\"url\" href=\"https:\/\/www.sind-luzyfuerza-cap.org.ar\/slyf\/titulo-de-la-noticia-vivienda-01\/\" >Educaci\u00f3n &#8211; Beneficios<\/a><\/h3><\/div><\/div><\/div><div class=\"blog_image_holder\"><span class=\"image\"><img width=\"1000\" height=\"540\" src=\"https:\/\/www.sind-luzyfuerza-cap.org.ar\/slyf\/wp-content\/uploads\/2018\/03\/uai-febrero2019miniatura.jpg\" class=\"attachment-full size-full wp-post-image\" alt=\"\" loading=\"lazy\" srcset=\"https:\/\/www.sind-luzyfuerza-cap.org.ar\/slyf\/wp-content\/uploads\/2018\/03\/uai-febrero2019miniatura.jpg 1000w, https:\/\/www.sind-luzyfuerza-cap.org.ar\/slyf\/wp-content\/uploads\/2018\/03\/uai-febrero2019miniatura-300x162.jpg 300w, https:\/\/www.sind-luzyfuerza-cap.org.ar\/slyf\/wp-content\/uploads\/2018\/03\/uai-febrero2019miniatura-768x415.jpg 768w, https:\/\/www.sind-luzyfuerza-cap.org.ar\/slyf\/wp-content\/uploads\/2018\/03\/uai-febrero2019miniatura-700x378.jpg 700w\" sizes=\"(max-width: 1000px) 100vw, 1000px\" \/><\/span><\/div><\/div><\/li><li class='item'><div class=\"item_holder\"><div class=\"blog_text_holder info_bottom\" style=\"background-color:rgba(30,115,190,0.83);\"><div class=\"blog_text_holder_outer\"><div class=\"blog_text_date_holder\"><div itemprop=\"dateCreated\" class=\"blog_slider_date_holder entry_date updated\"><span class=\"blog_slider_day\" style= \"color: rgba(0,0,0,0.01);\" >15<\/span><span class=\"blog_slider_month\" style= \"color: rgba(0,0,0,0.01);\">Ene<\/span><meta itemprop=\"interactionCount\" content=\"UserComments:0\"\/><\/div><\/div><div class=\"blog_text_holder_inner\"><h3 itemprop=\"name\" class=\"blog_slider_title entry_title\" ><a itemprop=\"url\" href=\"https:\/\/www.sind-luzyfuerza-cap.org.ar\/slyf\/titulo-de-la-noticia-2\/\" >Cursos 2022<\/a><\/h3><\/div><\/div><\/div><div class=\"blog_image_holder\"><span class=\"image\"><img width=\"900\" height=\"540\" src=\"https:\/\/www.sind-luzyfuerza-cap.org.ar\/slyf\/wp-content\/uploads\/2018\/01\/CENTRO408-para-carrousell-noticias.jpg\" class=\"attachment-full size-full wp-post-image\" alt=\"\" loading=\"lazy\" srcset=\"https:\/\/www.sind-luzyfuerza-cap.org.ar\/slyf\/wp-content\/uploads\/2018\/01\/CENTRO408-para-carrousell-noticias.jpg 900w, https:\/\/www.sind-luzyfuerza-cap.org.ar\/slyf\/wp-content\/uploads\/2018\/01\/CENTRO408-para-carrousell-noticias-300x180.jpg 300w, https:\/\/www.sind-luzyfuerza-cap.org.ar\/slyf\/wp-content\/uploads\/2018\/01\/CENTRO408-para-carrousell-noticias-768x461.jpg 768w, https:\/\/www.sind-luzyfuerza-cap.org.ar\/slyf\/wp-content\/uploads\/2018\/01\/CENTRO408-para-carrousell-noticias-700x420.jpg 700w\" sizes=\"(max-width: 900px) 100vw, 900px\" \/><\/span><\/div><\/div><\/li><\/ul><ul class=\"caroufredsel-direction-nav\"><li><a id=\"caroufredsel-prev\" class=\"caroufredsel-prev\" href=\"#\"><div><i class=\"fa fa-angle-left\"><\/i><\/div><\/a><\/li><li><a class=\"caroufredsel-next\" id=\"caroufredsel-next\" href=\"#\"><div><i class=\"fa fa-angle-right\"><\/i><\/div><\/a><\/li><\/ul><\/div><\/div>[vc_empty_space height=&#8221;60&#8243;][\/vc_column][\/vc_row][vc_row css_animation=&#8221;&#8221; row_type=&#8221;row&#8221; use_row_as_full_screen_section=&#8221;no&#8221; type=&#8221;full_width&#8221; angled_section=&#8221;no&#8221; text_align=&#8221;left&#8221; background_image_as_pattern=&#8221;without_pattern&#8221;][vc_column]\n\n\t<a href=\"#\" target=\"_self\"  class=\"qode-btn qode-btn-medium qode-btn-solid qode-btn-default-hover\"  >\n\t    <span class=\"qode-btn-text\"><\/span>\t<\/a>\n\n[\/vc_column][\/vc_row]<\/p>\n","protected":false},"excerpt":{"rendered":"<p>[vc_row css_animation=&#8221;&#8221; row_type=&#8221;row&#8221; use_row_as_full_screen_section=&#8221;no&#8221; type=&#8221;full_width&#8221; angled_section=&#8221;no&#8221; text_align=&#8221;left&#8221; background_image_as_pattern=&#8221;without_pattern&#8221;][vc_column][vc_empty_space height=&#8221;60&#8243;][\/vc_column][\/vc_row][vc_row css_animation=&#8221;&#8221; row_type=&#8221;row&#8221; use_row_as_full_screen_section=&#8221;no&#8221; type=&#8221;grid&#8221; angled_section=&#8221;no&#8221; text_align=&#8221;left&#8221; background_image_as_pattern=&#8221;without_pattern&#8221; z_index=&#8221;&#8221;][vc_column width=&#8221;2\/3&#8243;][vc_column_text] Previsi\u00f3n Social [\/vc_column_text][vc_empty_space height=&#8221;7px&#8221;][vc_column_text] Gu\u00eda de tr\u00e1mites [\/vc_column_text][vc_empty_space height=&#8221;21px&#8221;][vc_column_text] \u00c1rea Gestor\u00eda Documentaci\u00f3n [\/vc_column_text][vc_accordion active_tab=&#8221;false&#8221; collapsible=&#8221;yes&#8221; style=&#8221;accordion&#8221;][vc_accordion_tab title=&#8221;DOCUMENTACI\u00d3N DEL VIUDO\/A&#8221; title_color=&#8221;#1e73be&#8221;][vc_column_text] &#8211; 4 Fotocopias de la partidas de&#8230;<\/p>\n","protected":false},"author":3,"featured_media":0,"parent":474,"menu_order":0,"comment_status":"closed","ping_status":"closed","template":"full_width.php","meta":[],"_links":{"self":[{"href":"https:\/\/www.sind-luzyfuerza-cap.org.ar\/slyf\/wp-json\/wp\/v2\/pages\/736"}],"collection":[{"href":"https:\/\/www.sind-luzyfuerza-cap.org.ar\/slyf\/wp-json\/wp\/v2\/pages"}],"about":[{"href":"https:\/\/www.sind-luzyfuerza-cap.org.ar\/slyf\/wp-json\/wp\/v2\/types\/page"}],"author":[{"embeddable":true,"href":"https:\/\/www.sind-luzyfuerza-cap.org.ar\/slyf\/wp-json\/wp\/v2\/users\/3"}],"replies":[{"embeddable":true,"href":"https:\/\/www.sind-luzyfuerza-cap.org.ar\/slyf\/wp-json\/wp\/v2\/comments?post=736"}],"version-history":[{"count":2,"href":"https:\/\/www.sind-luzyfuerza-cap.org.ar\/slyf\/wp-json\/wp\/v2\/pages\/736\/revisions"}],"predecessor-version":[{"id":2516,"href":"https:\/\/www.sind-luzyfuerza-cap.org.ar\/slyf\/wp-json\/wp\/v2\/pages\/736\/revisions\/2516"}],"up":[{"embeddable":true,"href":"https:\/\/www.sind-luzyfuerza-cap.org.ar\/slyf\/wp-json\/wp\/v2\/pages\/474"}],"wp:attachment":[{"href":"https:\/\/www.sind-luzyfuerza-cap.org.ar\/slyf\/wp-json\/wp\/v2\/media?parent=736"}],"curies":[{"name":"wp","href":"https:\/\/api.w.org\/{rel}","templated":true}]}}